at is the thousands digit of 2974?
2
What is the hundreds digit of 60303?
3
What is the units digit of 3376?
6
What is the units digit of 5143?
3
What is the thousands digit of 6453?
6
What is the tens digit of 196423?
2
What is the hundreds digit of 1856?
8
What is the tens digit of 6054?
5
What is the hundreds digit of 1427?
4
What is the hundreds digit of 417?
4
What is the tens digit of 42815?
1
What is the thousands digit of 1265?
1
What is the hundreds digit of 2824?
8
What is the tens digit of 9376?
7
What is the units digit of 3707?
7
What is the tens digit of 30?
3
What is the thousands digit of 8953?
8
What is the thousands digit of 1257?
1
What is the thousands digit of 4250?
4
What is the thousands digit of 3870?
3
What is the units digit of 7361?
1
What is the ten thousands digit of 24733?
2
What is the hundreds digit of 3114?
1
What is the tens digit of 24618?
1
What is the hundreds digit of 684?
6
What is the units digit of 953?
3
What is the ten thousands digit of 87002?
8
What is the tens digit of 117511?
1
What is the tens digit of 623?
2
What is the thousands digit of 25407?
5
What is the hundreds digit of 8541?
5
What is the units digit of 9?
9
What is the units digit of 516?
6
What is the units digit of 3727?
7
What is the tens digit of 6793?
9
What is the thousands digit of 118112?
8
What is the thousands digit of 10581?
0
What is the tens digit of 2406?
0
What is the hundreds digit of 8152?
1
What is the units digit of 6044?
4
What is the hundreds digit of 644?
6
What is the tens digit of 1140?
4
What is the hundreds digit of 540?
5
What is the hundreds digit of 551?
5
What is the units digit of 34423?
3
What is the thousands digit of 7590?
7
What is the thousands digit of 101104?
1
What is the ten thousands digit of 38609?
3
What is the ten thousands digit of 21561?
2
What is the hundreds digit of 154?
1
What is the hundreds digit of 5930?
9
What is the tens digit of 20850?
5
What is the hundreds digit of 1257?
2
What is the ten thousands digit of 17263?
1
What is the thousands digit of 1594?
1
What is the thousands digit of 2285?
2
What is the hundreds digit of 13521?
5
What is the tens digit of 7489?
8
What is the tens digit of 337?
3
What is the units digit of 18563?
3
What is the hundreds digit of 18906?
9
What is the units digit of 7059?
9
What is the tens digit of 3939?
3
What is the hundreds digit of 6191?
1
What is the thousands digit of 7369?
7
What is the units digit of 840?
0
What is the ten thousands digit of 47231?
4
What is the hundreds digit of 2386?
3
What is the hundreds digit of 929?
9
What is the thousands digit of 8769?
8
What is the thousands digit of 3534?
3
What is the units digit of 31975?
5
What is the tens digit of 9193?
9
What is the units digit of 1362?
2
What is the thousands digit of 32674?
2
What is the hundreds digit of 847?
8
What is the tens digit of 665?
6
What is the tens digit of 2811?
1
What is the tens digit of 558?
5
What is the hundreds digit of 1111?
1
What is the thousands digit of 14693?
4
What is the hundreds digit of 2865?
8
What is the units digit of 5228?
8
What is the thousands digit of 3160?
3
What is the hundred thousands digit of 108399?
1
What is the tens digit of 240?
4
What is the tens digit of 1258?
5
What is the tens digit of 91493?
9
What is the units digit of 830?
0
What is the thousands digit of 8694?
8
What is the tens digit of 21966?
6
What is the tens digit of 68247?
4
What is the hundreds digit of 738?
7
What is the hundreds digit of 1722?
7
What is the hundreds digit of 9753?
7
What is the hundreds digit of 44251?
2
What is the hundreds digit of 10189?
1
What is the ten thousands digit of 23162?
2
What is the hundreds digit of 2089?
0
What is the ten thousands digit of 19112?
1
What is the hundreds digit of 669?
6
What is the tens digit of 1107?
0
What is the tens digit of 96?
9
What is the hundreds digit of 26476?
4
What is the ten thousands digit of 205582?
0
What is the thousands digit of 4609?
4
What is the tens digit of 5019?
1
What is the units digit of 2718?
8
What is the hundreds digit of 1500?
5
What is the units digit of 16101?
1
What is the units digit of 79263?
3
What is the units digit of 1121?
1
What is the thousands digit of 7146?
7
What is the tens digit of 1947?
4
What is the units digit of 2296?
6
What is the units digit of 119752?
2
What is the hundreds digit of 155098?
0
What is the thousands digit of 6889?
6
What is the units digit of 2089?
9
What is the tens digit of 9652?
5
What is the units digit of 134?
4
What is the units digit of 9541?
1
What is the thousands digit of 1880?
1
What is the tens digit of 517?
1
What is the thousands digit of 107285?
7
What is the units digit of 44424?
4
What is the tens digit of 2262?
6
What is the thousands digit of 1370?
1
What is the thousands digit of 10479?
0
What is the units digit of 4959?
9
What is the hundreds digit of 5966?
9
What is the hundreds digit of 3516?
5
What is the tens digit of 1600?
0
What is the hundreds digit of 6457?
4
What is the thousands digit of 1530?
1
What is the ten thousands digit of 15071?
1
What is the hundred thousands digit of 135733?
1
What is the hundreds digit of 39736?
7
What is the tens digit of 87512?
1
What is the units digit of 45067?
7
What is the units digit of 4445?
5
What is the tens digit of 1133?
3
What is the hundreds digit of 1202?
2
What is the hundreds digit of 6798?
7
What is the thousands digit of 2131?
2
What is the hundreds digit of 843?
8
What is the thousands digit of 9789?
9
What is the units digit of 9?
9
What is the hundreds digit of 42741?
7
What is the tens digit of 51?
5
What is the units digit of 7159?
9
What is the hundreds digit of 4170?
1
What is the tens digit of 533?
3
What is the ten thousands digit of 16415?
1
What is the units digit of 315?
5
What is the thousands digit of 1011?
1
What is the units digit of 20071?
1
What is the tens digit of 15810?
1
What is the units digit of 985?
5
What is the units digit of 39?
9
What is the hundreds digit of 811?
8
What is the thousands digit of 3835?
3
What is the units digit of 46185?
5
What is the thousands digit of 13470?
3
What is the units digit of 133698?
8
What is the units digit of 16271?
1
What is the thousands digit of 4144?
4
What is the thousands digit of 39011?
9
What is the thousands digit of 15424?
5
What is the units digit of 6901?
1
What is the tens digit of 13335?
3
What is the hundreds digit of 626?
6
What is the units digit of 1740?
0
What is the thousands digit of 3114?
3
What is the tens digit of 74985?
8
What is the units digit of 49513?
3
What is the units digit of 591?
1
What is the thousands digit of 131575?
1
What is the thousands digit of 3768?
3
What is the ten thousands digit of 11276?
1
What is the hundreds digit of 339?
3
What is the thousands digit of 4821?
4
What is the units digit of 473?
3
What is the ten thousands digit of 33824?
3
What is the hundreds digit of 2523?
5
What is the hundreds digit of 35124?
1
What is the hundreds digit of 423?
4
What is the tens digit of 308?
0
What is the thousands digit of 51738?
1
What is the units digit of 2406?
6
What is the units digit of 1449?
9
What is the hundreds digit of 37123?
1
What is the thousands digit of 90395?
0
What is the units digit of 4073?
3
What is the units digit of 17846?
6
What is the tens digit of 8838?
3
What is the units digit of 5163?
3
What is the units digit of 150?
0
What is the tens digit of 523?
2
What is the hundreds digit of 5605?
6
What is the tens digit of 639?
3
What is the hundreds digit of 412?
4
What is the thousands digit of 2835?
2
What is the ten thousands digit of 48094?
4
What is the hundreds digit of 645?
6
What is the tens digit of 14528?
2
What is the tens digit of 70460?
6
What is the hundreds digit of 102669?
6
What is the hundreds digit of 4300?
3
What is the tens digit of 1538?
3
What is the ten thousands digit of 82197?
8
What is the hundreds digit of 82083?
0
What is the hundreds digit of 946?
9
What is the tens digit of 53358?
5
What is the thousands digit of 12546?
2
What is the units digit of 10110?
0
What is the thousands digit of 6544?
6
What is the thousands digit of 34000?
4
What is the thousands digit of 39156?
9
What is the hundreds digit of 870?
8